3379?
False
Does 2 divide 45937?
False
Is 2153210 a multiple of 1970?
True
Is 19 a factor of 31157?
False
Is 11984539 a multiple of 7?
True
Is 5941216 a multiple of 802?
True
Does 12 divide 27876?
True
Is 52 a factor of 3541994?
False
Does 683 divide 109963?
True
Is 1276 a factor of 1051424?
True
Is 54 a factor of 577584?
True
Is 895 a factor of 4523363?
False
Is 42 a factor of 47867?
False
Is 9 a factor of 62292?
False
Does 46 divide 354151?
False
Does 19 divide 208912?
False
Is 237 a factor of 222780?
True
Is 376166 a multiple of 277?
True
Is 14 a factor of 15892?
False
Is 254 a factor of 21652738?
True
Is 30576 a multiple of 78?
True
Does 285 divide 375252?
False
Does 73 divide 1727180?
True
Is 1358 a factor of 1936508?
True
Is 1985152 a multiple of 32?
True
Does 82 divide 25256?
True
Is 475541 a multiple of 20?
False
Is 7536053 a multiple of 7?
True
Is 6804 a multiple of 9?
True
Is 38 a factor of 11856?
True
Is 350110 a multiple of 157?
True
Is 18 a factor of 230490?
True
Is 5528495 a multiple of 827?
True
Does 19 divide 645867?
True
Is 90 a factor of 46810?
False
Is 16 a factor of 245952?
True
Does 13 divide 2911272?
True
Does 135 divide 54769?
False
Does 185 divide 170958?
False
Does 38 divide 244026?
False
Is 4716250 a multiple of 77?
True
Is 27906 a multiple of 8?
False
Is 356706 a multiple of 63?
True
Does 191 divide 63695?
False
Is 43264 a multiple of 169?
True
Does 172 divide 1838508?
True
Is 4792770 a multiple of 122?
True
Is 18 a factor of 34740?
True
Is 983955 a multiple of 10?
False
Does 16 divide 5279456?
True
Is 9 a factor of 6985?
False
Is 76 a factor of 65787?
False
Does 348 divide 10639002?
False
Is 20 a factor of 222220?
True
Is 181 a factor of 3819069?
False
Is 74994 a multiple of 1635?
False
Does 725 divide 2008975?
True
Does 49 divide 80948?
True
Does 49 divide 402829?
True
Does 496 divide 2848539?
False
Is 304 a factor of 4502544?
True
Is 399 a factor of 321226?
False
Does 100 divide 80657?
False
Is 99 a factor of 638649?
True
Does 2 divide 48023?
False
Is 3888850 a multiple of 14?
True
Does 45 divide 10753?
False
Is 59 a factor of 25315?
False
Is 116365 a multiple of 61?
False
Is 497 a factor of 349983?
False
Is 8065056 a multiple of 24?
True
Is 149939 a multiple of 57?
False
Is 138776 a multiple of 83?
True
Is 12 a factor of 241236?
True
Does 52 divide 746453?
False
Does 17 divide 99076?
True
Is 371210 a multiple of 3?
False
Is 20 a factor of 36000?
True
Is 11 a factor of 146762?
True
Is 13 a factor of 361349?
False
Is 422 a factor of 5070330?
True
Does 1118 divide 6529170?
False
Is 11 a factor of 738157?
False
Does 255 divide 201450?
True
Is 11 a factor of 6013282?
True
Is 2071812 a multiple of 6?
True
Is 114 a factor of 27559?
False
Is 200 a factor of 81000?
True
Does 275 divide 5763666?
False
Does 601 divide 3909505?
True
Is 232 a factor of 63104?
True
Is 33183099 a multiple of 219?
True
Is 13 a factor of 4480476?
True
Does 17 divide 243899?
True
Is 18637 a multiple of 13?
False
Is 1156 a factor of 1248480?
True
Is 9803886 a multiple of 11?
False
Is 1241054 a multiple of 9?
False
Is 7953293 a multiple of 452?
False
Does 7 divide 381626?
True
Does 23 divide 16426310?
False
Is 6 a factor of 1086612?
True
Does 50 divide 60105?
False
Is 9 a factor of 40671?
True
Does 66 divide 15455?
False
Is 5508 a multiple of 6?
True
Does 1849 divide 9590348?
False
Does 11 divide 1521375?
False
Is 809 a factor of 2049197?
True
Is 407 a factor of 15883581?
False
Does 16 divide 2273761?
False
Is 1269041 a multiple of 272?
False
Does 40 divide 935836?
False
Is 846 a factor of 2472012?
True
Is 4506280 a multiple of 509?
False
Is 53 a factor of 2303804?
True
Is 191232 a multiple of 4?
True
Is 83909 a multiple of 7?
True
Is 72 a factor of 2203128?
True
Does 105 divide 58275?
True
Is 13 a factor of 335465?
True
Is 371176 a multiple of 68?
False
Is 58280 a multiple of 4?
True
Is 725040 a multiple of 57?
True
Is 158 a factor of 9160485?
False
Is 441936 a multiple of 27?
True
Is 73 a factor of 120450?
True
Is 67 a factor of 168217?
False
Is 526048 a multiple of 68?
True
Is 187 a factor of 596171?
False
Does 41 divide 333282?
False
Does 10 divide 139411?
False
Is 487791 a multiple of 747?
True
Is 3722810 a multiple of 14?
True
Is 2223232 a multiple of 176?
True
Is 4 a factor of 536987?
False
Is 91771 a multiple of 44?
False
Is 14 a factor of 1323998?
False
Is 163169 a multiple of 21?
False
Is 1561320 a multiple of 60?
True
Is 92284 a multiple of 11?
False
Is 7795254 a multiple of 898?
False
Does 526 divide 2013757?
False
Is 14881 a multiple of 647?
True
Is 21140676 a multiple of 27?
True
Is 3712115 a multiple of 385?
False
Is 439128 a multiple of 2?
True
Is 40 a factor of 139026?
False
Does 376 divide 214246?
False
Is 21 a factor of 13458?
False
Does 2 divide 171271?
False
Is 85 a factor of 88668?
False
Is 15 a factor of 8953845?
True
Does 85 divide 269082?
False
Does 5 divide 44669?
False
Is 78 a factor of 176666?
False
Does 11 divide 818408?
False
Is 12 a factor of 387084?
True
Is 248 a factor of 25792?
True
Is 14 a factor of 330304?
False
Is 14 a factor of 65044?
True
Is 208814 a multiple of 262?
True
Is 1428700 a multiple of 100?
True
Is 480878 a multiple of 151?
False
Is 6777541 a multiple of 14?
False
Is 1609085 a multiple of 218?
False
Is 340252 a multiple of 37?
True
Does 101 divide 4274048?
False
Does 50 divide 167050?
True
Is 34671 a multiple of 67?
False
Is 18515 a multiple of 11?
False
Does 16 divide 6226016?
True
Is 144419 a multiple of 180?
False
Does 79 divide 829184?
True
Is 45 a factor of 359325?
True
Does 15 divide 119160?
True
Is 148 a factor of 3108740?
True
Is 5199 a multiple of 18?
False
Does 9 divide 1192674?
False
Is 51893 a multiple of 14?
False
Is 139200 a multiple of 150?
True
Does 295 divide 418310?
True
Is 242708 a multiple of 47?
True
Is 124967 a multiple of 7?
False
Is 76320 a multiple of 144?
True
Does 483 divide 3842793?
False
Is 473 a factor of 1158850?
True
Is 1243954 a multiple of 139?
False
Is 5 a factor of 1087482?
False
Does 120 divide 38503?
False
Is 12 a factor of 156576?
True
Is 18 a factor of 4516650?
True
Is 79 a factor of 640611?
True
Does 265 divide 2691870?
True
Does 14 divide 45304?
True
Does 71 divide 1016807?
False
Does 99 divide 70824?
False
Is 2388490 a multiple of 70?
False
Does 626 divide 316831?
False
Is 46 a factor of 6412446?
True
Does 14 divide 922250?
True
Does 470 divide 456434?
False
Is 932460 a multiple of 30?
True
Is 198 a factor of 204703?
False
Is 1775 a factor of 5076707?
False
Does 5 divide 42730?
True
Is 6118266 a multiple of 969?
True
Does 9 divide 169936?
False
Is 703786 a multiple of 1003?
False
Is 3981248 a multiple of 253?
False
Is 2104965 a multiple of 1190?
False
Is 7 a factor of 1008?
True
Is 17 a factor of 85476?
True
Is 183 a factor of 76128?
True
Is 418873 a multiple of 5?
False
Does 9 divide 10701981?
True
Is 437 a factor of 26186?
False
Is 755445 a multiple of 53?
False
Is 34 a factor of 570723?
False
Is 14 a factor of 1658426?
True
Is 101 a factor of 324513?
True
Does 8 divide 2099?
False
Is 282862 a multiple of 466?
True
Is 123172 a multiple of 166?
True
Is 244368 a multiple of 24?
True
Is 1219 a factor of 6737413?
True
Is 2265081 a multiple of 13?
True
Does 24 divide 2003280?
True
Does 747 divide 654667?
False
Is 45 a factor of 86063?
False
Does 7 divide 96183?
False
Is 24 a factor of 41736?
True
Is 566928 a multiple of 372?
True
Is 158 a factor of 3792?
True
Does 16 divide 9072?
True
Is 3509200 a multiple of 25?
True
Is 255 a factor of 11730?
True
Does 14 divide 7497607?
False
Is 75 a factor of 670125?
True
Is 948416 a multiple of 14?
True
Is 7944840 a multiple of 1465?
False
Is 16 a factor of 3580242?
False
Is 138421 a multiple of 149?
True
Is 87 a factor of 39672?
True
Is 236047 a multiple of 24?
False
Is 271 a factor of 49593?
True
Does 15 divide 26936?
False
Is 128 a factor of 57583?
False
Is 643205 a multiple of 81?
False
Is 27 a factor of 2576753?
False
Is 155 a factor of 683705?
True
Does 54 divide 3381491?
False
Is 35284 a multiple of 4?
True
Does 305 divide 201444?
False
Does 37 divide 932040?
False
Is 13 a factor of 377893?
False
Is 26 a factor of 253396?
True
Does 16 divide 1413584?
True
Is 1604949 a multiple of 68?
False
Does 12 divide 1029373